52
In base 5, what is -42 - -342?
300
In base 8, what is -337 - -4?
-333
In base 14, what is -21 - a0?
-c1
In base 7, what is -23 + -34?
-60
In base 6, what is 12 + -35?
-23
In base 9, what is 38 + -4?
34
In base 9, what is 2 - 67?
-65
In base 3, what is -12 + -1001002?
-1001021
In base 12, what is -115 + -4?
-119
In base 10, what is -157 + -5?
-162
In base 7, what is 3 + -3?
0
In base 8, what is -4 - 532?
-536
In base 13, what is 2 - 1346?
-1344
In base 3, what is 1 - -11?
12
In base 16, what is -8 + -5?
-d
In base 10, what is -248 - 0?
-248
In base 4, what is -12 + -2003?
-2021
In base 2, what is 1101010000100 - -10?
1101010000110
In base 16, what is -4 - -ab6?
ab2
In base 13, what is -78b + -2?
-790
In base 12, what is 4 - -65?
69
In base 3, what is 100220 - -2?
100222
In base 13, what is 6a + -9?
61
In base 11, what is -53 - 5?
-58
In base 13, what is -31 - -6?
-28
In base 15, what is 3 + -12c4?
-12c1
In base 4, what is -111003 + 23?
-110320
In base 14, what is 2 - -290c?
2910
In base 8, what is -1 - -13337?
13336
In base 16, what is 67 + 37?
9e
In base 12, what is 0 + 36?
36
In base 12, what is -4 + 943?
93b
In base 15, what is d + ba?
c8
In base 7, what is -30 + -1?
-31
In base 9, what is 5 - 6?
-1
In base 5, what is -1 + -23340?
-23341
In base 8, what is -10 - -66?
56
In base 8, what is -13607 - 3?
-13612
In base 7, what is 5 + 1315?
1323
In base 4, what is 1222 - -2?
1230
In base 9, what is 4350 - -3?
4353
In base 2, what is 0 - -1101?
1101
In base 16, what is 4 + -25?
-21
In base 2, what is 1001100 - -100110?
1110010
In base 11, what is -4 + 1581?
1578
In base 9, what is 4 - -73?
77
In base 13, what is 14 + -2?
12
In base 12, what is 23 + 1a5?
208
In base 6, what is -2201 + -5?
-2210
In base 13, what is 17b - -4?
182
In base 7, what is -1236 - 12?
-1251
In base 9, what is -1 - -532?
531
In base 7, what is -5 + 30?
22
In base 4, what is -12 - -123?
111
In base 12, what is -18 - 6a0?
-6b8
In base 2, what is 110010 + 1000?
111010
In base 7, what is 1 - 121?
-120
In base 4, what is 20 - 3001?
-2321
In base 8, what is 1503 + 12?
1515
In base 11, what is -16833 + 5?
-16829
In base 14, what is 9a2 + -5?
99b
In base 16, what is 2 - -3c?
3e
In base 13, what is -c8 - 4?
-cc
In base 6, what is -5 + -510?
-515
In base 15, what is -9 + d?
4
In base 7, what is 433 - -4?
440
In base 5, what is -2314 + 1?
-2313
In base 3, what is -1122002 - 11?
-1122020
In base 14, what is 91 + -49?
46
In base 16, what is 25 - -40?
65
In base 12, what is 150 - 3?
149
In base 14, what is 1 - 74?
-73
In base 8, what is -1 + 6?
5
In base 2, what is -111 + -101101011?
-101110010
In base 10, what is 4 + -142?
-138
In base 10, what is -267 - 4?
-271
In base 7, what is -551 + 0?
-551
In base 9, what is -384 + -6?
-401
In base 4, what is 1210 + 0?
1210
In base 2, what is 11101 - -100?
100001
In base 10, what is -1948 - 1?
-1949
In base 6, what is -10 + -1032?
-1042
In base 15, what is -16 - 4?
-1a
In base 7, what is 230 - 0?
230
In base 4, what is -10 - -121123?
121113
In base 3, what is -21 + -2120?
-2211
In base 15, what is db6 - -4?
dba
In base 6, what is -152 - -12?
-140
In base 11, what is 8 + 3a?
47
In base 11, what is 1aa3 - 5?
1a99
In base 6, what is -13 + -4125?
-4142
In base 8, what is 1 - -117?
120
In base 15, what is -11 - -2d?
1c
In base 4, what is 102332 - 20?
102312
In base 16, what is -5 - a3?
-a8
In base 2, what is -100 - -10?
-10
In base 8, what is -705 - -5?
-700
In base 6, what is 3 + -3554?
-3551
In base 10, what is -8 - 65?
-73
In base 9, what is -76 + 5?
-71
In base 15, what is 0 + -16?
-16
In base 10, what is 38 - 1?
37
In base 12, what is 67 + 64?
10b
In base 10, what is -2 - 63?
-65
In base 9, what is 4 + -17?
-13
In base 15, what is -5e + -18?
-77
In base 7, what is -465 - 44?
-542
In base 13, what is 0 - -259?
259
In base 11, what is 1 - -43?
44
In base 4, what is -10 + -302113?
-302123
In base 8, what is -3 + -60?
-63
In base 8, what is 5 + 50?
55
In base 6, what is -5505 - 5?
-5514
In base 6, what is 1443 - 1?
1442
In base 12, what is -11 - 2?
-13
In base 9, what is -5 - -13?
7
In base 11, what is 4 + 261?
265
In base 5, what is 11 - -42?
103
In base 8, what is 23067 + 1?
23070
In base 16, what is 3 + -c0?
-bd
In base 12, what is 29b + 3?
2a2
In base 11, what is -3a + -11?
-50
In base 3, what is -2 + -122?
-201
In base 2, what is -10 + 10011010010?
10011010000
In base 12, what is -66 - -54?
-12
In base 14, what is 8 - -2ab?
2b5
In base 14, what is -2138 - 2?
-213a
In base 13, what is -528 - -7?
-521
In base 4, what is 10 - 33200?
-33130
In base 10, what is -46 - 146?
-192
In base 8, what is 1531 - 4?
1525
In base 4, what is -1 + -2?
-3
In base 7, what is 353 + -30?
323
In base 7, what is -1561 + -4?
-1565
In base 4, what is 22 - -10322?
11010
In base 13, what is 6 + 1671?
1677
In base 4, what is 230222 + 2?
230230
In base 3, what is 21 - 120000?
-112202
In base 15, what is -3 - 6?
-9
In base 11, what is 11 - 17?
-6
In base 7, what is 5 - -143?
151
In base 2, what is 101111100 - -101?
110000001
In base 16, what is -cb + -1?
-cc
In base 4, what is -1 + 1220112?
1220111
In base 8, what is -466 + 5?
-461
In base 2, what is 1111101100 + -1001?
1111100011
In base 11, what is 5 + -34?
-2a
In base 2, what is 110010110001001 - -10?
110010110001011
In base 12, what is -3 - -170?
169
In base 10, what is 25 - 2?
23
In base 5, what is -4 + -10423?
-10432
In base 15, what is -9 + -18?
-22
In base 3, what is 11110 + 21?
11201
In base 14, what is 3 - -21?
24
In base 7, what is 110 - 3?
104
In base 4, what is 333313 + -11?
333302
In base 15, what is 95 - 0?
95
In base 13, what is 0 + -58?
-58
In base 13, what is b + -c?
-1
In base 8, what is 211 + -25?
164
In base 11, what is -84 + 11?
-73
In base 7, what is 4 + 343?
350
In base 5, what is 13 + -2?
11
In base 11, what is -81 + 3?
-79
In base 8, what is 5231 - -1?
5232
In base 6, what is -214 + -3?
-221
In base 14, what is 3c3 + -10?
3b3
In base 13, what is -93 + 4?
-8c
In base 5, what is -12 + -413?
-430
In base 16, what is 39 + 5b?
94
In base 2, what is -1 + -10100100100?
-10100100101
In base 13, what is -2c2 - -5?
-2ba
In base 13, what is 0 + 845?
845
In base 10, what is -71 - -4?
-67
In base 4, what is -100 + 1202?
1102
In base 7, what is 153 + 5?
161
In base 3, what is 10 + 1122112?
1122122
In base 11, what is 3343 - -3?
3346
In base 6, what is -3314 + 1?
-3313
In base 11, what is 2 + -3a6?
-3a4
In base 15, what is -1e7 - -5?
-1e2
In base 7, what is 22561 - -3?
22564
In base 5, what is -10 + 10100?
10040
In base 10, what is 47 + 5?
52
In base 14, what is 0 + -15d?
-15d
In base 13, what is -3 - 13b?
-141
In base 5, what is -10 + -2221?
-2231
In base 9, what is -735 - -5?
-730
In base 3, what is -12012 - 1?
-12020
In base 9, what is 4171 - -1?
4172
In base 3, what is -12221 + 221?
-12000
In base 8, what is -2 - -1043?
1041
In base 9, what is 4 - 870?
-865
In base 16, what is -49d - -3?
-49a
In base 3, what is -2112222 + 2?
-2112220
In base 16, what is 12 + -2?
10
In base 8, what is -4 - 337?
-343
In base 11, what is -9914 + -3?
-9917
In base 15, what is 625 - -b?
631
In base 8, what is 41 - -7?
50
In base 13, what is -17 - -73?
59
In base 9, what is 2424 + 3?
2427
In base 4, what is 30020 + 3?
30023
In base 12, what is -1 + 225?
224
In base 4, what is -230 - -3002?
2112
In base 11, what is 3aa + 5?
404
In base 8, what is 64 + -11?
53
In base 3, what is -1 - 10?
-11
In base 8, what is -114 - 1?
-115
In base 11, what is -8 - 6?
-13
In base 8, what is -4 - -26?
22
In base 12, what is -5 + -10a?
-113
In base 8, what is -4 - -5540?
5534
In base 8, what is -3653 + 5?
-3646
In base 11, what is -3 - -496?
493
In base 15, what is 4 + 136?
13a
In base 6, what is -23 + -123?
-150
In base 15, what is 4 - 10eb?
-10e7
In base 9, what is -1 - 150?
-151
In base 2, what is 100100101 - 11?
100100010
In base 10, what is 311 - 5?
306
In base 6, what is -32155 - 2?
-32201
In base 3, what is 1221 + 20?
2011
In base 10, what is -8 - -28?
20
In base 7, what is 5 + -11601?
-11563
In base 2, what is -100 - -10010010?
10001110
In base 15, what is 1 + 3e4?
3e5
In base 3, what is -10001 + -1?
-10002
In base 4, what is -32200 + 11?
-32123
In base 9, what is 471 + 17?
488
In base 10, what is 3 + -159?
-156
In base 13, what is 106 + 13?